{"id":107,"date":"2023-10-17T08:41:20","date_gmt":"2023-10-17T01:41:20","guid":{"rendered":"https:\/\/old.heid.vn\/?page_id=107"},"modified":"2023-10-18T09:25:25","modified_gmt":"2023-10-18T02:25:25","slug":"sample-page-copy","status":"publish","type":"page","link":"https:\/\/old.heid.vn\/?page_id=107","title":{"rendered":"Ch\u1ee9c n\u0103ng, nhi\u1ec7m v\u1ee5"},"content":{"rendered":"\t\t<div data-elementor-type=\"wp-page\" data-elementor-id=\"107\" class=\"elementor elementor-107\">\n\t\t\t\t\t\t\t<div class=\"elementor-element elementor-element-b05e770 e-flex e-con-boxed e-con e-parent\" data-id=\"b05e770\" data-element_type=\"container\" data-settings=\"{&quot;content_width&quot;:&quot;boxed&quot;}\" data-core-v316-plus=\"true\">\n\t\t\t\t\t<div class=\"e-con-inner\">\n\t\t\t\t<div class=\"elementor-element elementor-element-7299e93 elementor-widget elementor-widget-heading\" data-id=\"7299e93\" data-element_type=\"widget\" data-widget_type=\"heading.default\">\n\t\t\t\t<div class=\"elementor-widget-container\">\n\t\t\t<style>\/*! elementor - v3.16.0 - 09-10-2023 *\/\n.elementor-heading-title{padding:0;margin:0;line-height:1}.elementor-widget-heading .elementor-heading-title[class*=elementor-size-]>a{color:inherit;font-size:inherit;line-height:inherit}.elementor-widget-heading .elementor-heading-title.elementor-size-small{font-size:15px}.elementor-widget-heading .elementor-heading-title.elementor-size-medium{font-size:19px}.elementor-widget-heading .elementor-heading-title.elementor-size-large{font-size:29px}.elementor-widget-heading .elementor-heading-title.elementor-size-xl{font-size:39px}.elementor-widget-heading .elementor-heading-title.elementor-size-xxl{font-size:59px}<\/style><h2 class=\"elementor-heading-title elementor-size-default\">Qu\u00e1 tr\u00ecnh th\u00e0nh l\u1eadp v\u00e0 ph\u00e1t tri\u1ec3n<\/h2>\t\t<\/div>\n\t\t\t\t<\/div>\n\t\t\t\t\t<\/div>\n\t\t\t\t<\/div>\n\t\t<div class=\"elementor-element elementor-element-22be6bc1 e-flex e-con-boxed e-con e-parent\" data-id=\"22be6bc1\" data-element_type=\"container\" data-settings=\"{&quot;content_width&quot;:&quot;boxed&quot;}\" data-core-v316-plus=\"true\">\n\t\t\t\t\t<div class=\"e-con-inner\">\n\t\t\t\t<div class=\"elementor-element elementor-element-16196037 elementor-widget elementor-widget-text-editor\" data-id=\"16196037\" data-element_type=\"widget\" data-widget_type=\"text-editor.default\">\n\t\t\t\t<div class=\"elementor-widget-container\">\n\t\t\t<style>\/*! elementor - v3.16.0 - 09-10-2023 *\/\n.elementor-widget-text-editor.elementor-drop-cap-view-stacked .elementor-drop-cap{background-color:#69727d;color:#fff}.elementor-widget-text-editor.elementor-drop-cap-view-framed .elementor-drop-cap{color:#69727d;border:3px solid;background-color:transparent}.elementor-widget-text-editor:not(.elementor-drop-cap-view-default) .elementor-drop-cap{margin-top:8px}.elementor-widget-text-editor:not(.elementor-drop-cap-view-default) .elementor-drop-cap-letter{width:1em;height:1em}.elementor-widget-text-editor .elementor-drop-cap{float:left;text-align:center;line-height:1;font-size:50px}.elementor-widget-text-editor .elementor-drop-cap-letter{display:inline-block}<\/style>\t\t\t\t<!-- wp:paragraph -->\n<p><span style=\"font-weight: 400;\">C\u00f4ng ty C\u1ed5 ph\u1ea7n \u0110\u1ea7u t\u01b0 v\u00e0 Ph\u00e1t tri\u1ec3n Gi\u00e1o d\u1ee5c H\u00e0 N\u1ed9i \u0111\u01b0\u1ee3c th\u00e0nh l\u1eadp theo Quy\u1ebft \u0111\u1ecbnh s\u1ed1 310\/Q\u0110-TCNS ng\u00e0y 23\/3\/2007 c\u1ee7a Ch\u1ee7 t\u1ecbch H\u1ed9i \u0111\u1ed3ng qu\u1ea3n tr\u1ecb Nh\u00e0 xu\u1ea5t b\u1ea3n Gi\u00e1o d\u1ee5c Vi\u1ec7t Nam v\u00e0 ch\u00ednh th\u1ee9c \u0111i v\u00e0o ho\u1ea1t \u0111\u1ed9ng t\u1eeb ng\u00e0y 20\/5\/2007 v\u1edbi 6 Ph\u00f2ng\/Ban ch\u1ee9c n\u0103ng. H\u1ea7u h\u1ebft c\u00e1n b\u1ed9 nh\u00e2n vi\u00ean, ng\u01b0\u1eddi lao \u0111\u1ed9ng c\u1ee7a C\u00f4ng ty \u0111\u01b0\u1ee3c \u0111i\u1ec1u \u0111\u1ed9ng t\u1eeb c\u00e1c Ph\u00f2ng\/Ban c\u1ee7a Nh\u00e0 xu\u1ea5t b\u1ea3n Gi\u00e1o d\u1ee5c t\u1ea1i H\u00e0 N\u1ed9i.<\/span><\/p>\n<p><span style=\"font-weight: 400;\">Sau 15 n\u0103m ho\u1ea1t \u0111\u1ed9ng, C\u00f4ng ty HEID lu\u00f4n \u1ed5n \u0111\u1ecbnh v\u00e0 ph\u00e1t tri\u1ec3n b\u1ed9 m\u00e1y theo h\u01b0\u1edbng m\u1edf r\u1ed9ng quy m\u00f4, \u0111a d\u1ea1ng s\u1ea3n ph\u1ea9m. C\u00f4ng ty duy tr\u00ec v\u1ecb th\u1ebf l\u00e0 m\u1ed9t trong nh\u1eefng c\u00f4ng ty c\u00f3 qui m\u00f4 l\u1edbn (ngu\u1ed3n v\u1ed1n, ngu\u1ed3n nh\u00e2n l\u1ef1c, c\u01a1 s\u1edf v\u1eadt ch\u1ea5t,\u00a0<\/span><i><span style=\"font-weight: 400;\">v.v<\/span><\/i><span style=\"font-weight: 400;\">\u2026.) thu\u1ed9c h\u1ec7 th\u1ed1ng c\u00e1c \u0111\u01a1n v\u1ecb th\u00e0nh vi\u00ean c\u1ee7a Nh\u00e0 xu\u1ea5t b\u1ea3n Gi\u00e1o d\u1ee5c Vi\u1ec7t Nam.<\/span><\/p>\n<p><span style=\"font-weight: 400;\">B\u1ed9 m\u00e1y t\u1ed5 ch\u1ee9c hi\u1ec7n nay g\u1ed3m c\u00f3: H\u1ed9i \u0111\u1ed3ng qu\u1ea3n tr\u1ecb, Ban ki\u1ec3m so\u00e1t, Ban \u0111i\u1ec1u h\u00e0nh, 13 Ph\u00f2ng ban, 04 c\u1eeda h\u00e0ng b\u00e1n l\u1ebb v\u00e0 03 C\u00f4ng ty con. C\u00f4ng ty hi\u1ec7n \u0111ang s\u1edf h\u1eefu 01 T\u00f2a nh\u00e0 v\u0103n ph\u00f2ng 14 t\u1ea7ng v\u1edbi m\u1eb7t b\u1eb1ng g\u1ea7n 1000m<\/span><span style=\"font-weight: 400;\">2<\/span><span style=\"font-weight: 400;\">, di\u1ec7n t\u00edch s\u1eed d\u1ee5ng 450m<\/span><span style=\"font-weight: 400;\">2\u00a0<\/span><span style=\"font-weight: 400;\">\/t\u1ea7ng l\u00e0m tr\u1ee5 s\u1edf v\u0103n ph\u00f2ng C\u00f4ng ty v\u00e0 khai th\u00e1c cho thu\u00ea.<\/span><\/p>\n<!-- \/wp:paragraph -->\t\t\t\t\t\t<\/div>\n\t\t\t\t<\/div>\n\t\t\t\t\t<\/div>\n\t\t\t\t<\/div>\n\t\t<div class=\"elementor-element elementor-element-4ef66ee e-flex e-con-boxed e-con e-parent\" data-id=\"4ef66ee\" data-element_type=\"container\" data-settings=\"{&quot;content_width&quot;:&quot;boxed&quot;}\" data-core-v316-plus=\"true\">\n\t\t\t\t\t<div class=\"e-con-inner\">\n\t\t\t\t<div class=\"elementor-element elementor-element-294afa3 elementor-widget elementor-widget-heading\" data-id=\"294afa3\" data-element_type=\"widget\" data-widget_type=\"heading.default\">\n\t\t\t\t<div class=\"elementor-widget-container\">\n\t\t\t<h2 class=\"elementor-heading-title elementor-size-default\">Ch\u1ee9c n\u0103ng, nhi\u1ec7m v\u1ee5<\/h2>\t\t<\/div>\n\t\t\t\t<\/div>\n\t\t\t\t\t<\/div>\n\t\t\t\t<\/div>\n\t\t<div class=\"elementor-element elementor-element-7a58db8 e-flex e-con-boxed e-con e-parent\" data-id=\"7a58db8\" data-element_type=\"container\" data-settings=\"{&quot;content_width&quot;:&quot;boxed&quot;}\" data-core-v316-plus=\"true\">\n\t\t\t\t\t<div class=\"e-con-inner\">\n\t\t\t\t<div class=\"elementor-element elementor-element-da5fad5 elementor-widget elementor-widget-text-editor\" data-id=\"da5fad5\" data-element_type=\"widget\" data-widget_type=\"text-editor.default\">\n\t\t\t\t<div class=\"elementor-widget-container\">\n\t\t\t\t\t\t\t<!-- wp:paragraph -->\n<p><span style=\"font-weight: 400;\">&#8211; Khai th\u00e1c \u0111\u1ec1 t\u00e0i, t\u1ed5 ch\u1ee9c xu\u1ea5t b\u1ea3n c\u00e1c s\u1ea3n ph\u1ea9m gi\u00e1o d\u1ee5c (bao g\u1ed3m c\u1ea3 c\u00e1c s\u1ea3n ph\u1ea9m s\u1ed1).<\/span><\/p>\n<p><span style=\"font-weight: 400;\">&#8211; In v\u00e0 ph\u00e1t h\u00e0nh S\u00e1ch Gi\u00e1o khoa, S\u00e1ch B\u1ed5 tr\u1ee3, S\u00e1ch tham kh\u1ea3o ch\u1ea5t l\u01b0\u1ee3ng cao, c\u00e1c \u1ea5n ph\u1ea9m gi\u00e1o d\u1ee5c theo \u0111\u1ecbnh h\u01b0\u1edbng \u0111\u1ed5i m\u1edbi ph\u01b0\u01a1ng ph\u00e1p d\u1ea1y h\u1ecdc, t\u1ef1 h\u1ecdc\u2026<\/span><\/p>\n<p><span style=\"font-weight: 400;\">&#8211; Kinh doanh c\u00e1c s\u1ea3n ph\u1ea9m v\u00e0 thi\u1ebft b\u1ecb, ph\u1ea7n m\u1ec1m gi\u00e1o d\u1ee5c, thi\u1ebft b\u1ecb gi\u00e1o d\u1ee5c, c\u00e1c d\u1ecbch v\u1ee5 gi\u00e1o d\u1ee5c, \u0111\u00e0o t\u1ea1o; cho thu\u00ea v\u0103n ph\u00f2ng\u2026<\/span><\/p>\n<p><span style=\"font-weight: 400;\">&#8211; H\u1ee3p t\u00e1c, li\u00ean doanh v\u1edbi c\u00e1c c\u00e1 nh\u00e2n trong v\u00e0 ngo\u00e0i n\u01b0\u1edbc, c\u00e1c t\u1ed5 ch\u1ee9c qu\u1ed1c t\u1ebf trong l\u0129nh v\u1ef1c xu\u1ea5t b\u1ea3n, in \u1ea5n v\u00e0 ph\u00e1t h\u00e0nh xu\u1ea5t b\u1ea3n ph\u1ea9m gi\u00e1o d\u1ee5c, trao \u0111\u1ed5i th\u00f4ng tin, chuy\u00ean gia, \u0111\u00e0o t\u1ea1o c\u00e1n b\u1ed9 v\u00e0 xu\u1ea5t nh\u1eadp kh\u1ea9u nh\u1eefng m\u1eb7t h\u00e0ng c\u00f3 li\u00ean quan \u0111\u1ebfn ho\u1ea1t \u0111\u1ed9ng s\u1ea3n xu\u1ea5t kinh doanh c\u1ee7a Nh\u00e0 xu\u1ea5t b\u1ea3n Gi\u00e1o d\u1ee5c Vi\u1ec7t Nam theo quy \u0111\u1ecbnh\u2026<\/span><\/p>\n<p><span style=\"font-weight: 400;\">Sau 15 n\u0103m ho\u1ea1t \u0111\u1ed9ng, C\u00f4ng ty HEID lu\u00f4n \u1ed5n \u0111\u1ecbnh v\u00e0 ph\u00e1t tri\u1ec3n b\u1ed9 m\u00e1y theo h\u01b0\u1edbng m\u1edf r\u1ed9ng quy m\u00f4, \u0111a d\u1ea1ng s\u1ea3n ph\u1ea9m. C\u00f4ng ty duy tr\u00ec v\u1ecb th\u1ebf l\u00e0 m\u1ed9t trong nh\u1eefng c\u00f4ng ty c\u00f3 qui m\u00f4 l\u1edbn (ngu\u1ed3n v\u1ed1n, ngu\u1ed3n nh\u00e2n l\u1ef1c, c\u01a1 s\u1edf v\u1eadt ch\u1ea5t,\u00a0<\/span><i><span style=\"font-weight: 400;\">v.v<\/span><\/i><span style=\"font-weight: 400;\">\u2026.) thu\u1ed9c h\u1ec7 th\u1ed1ng c\u00e1c \u0111\u01a1n v\u1ecb th\u00e0nh vi\u00ean c\u1ee7a Nh\u00e0 xu\u1ea5t b\u1ea3n Gi\u00e1o d\u1ee5c Vi\u1ec7t Nam.<\/span><\/p>\n<p><span style=\"font-weight: 400;\">B\u1ed9 m\u00e1y t\u1ed5 ch\u1ee9c hi\u1ec7n nay g\u1ed3m c\u00f3: H\u1ed9i \u0111\u1ed3ng qu\u1ea3n tr\u1ecb, Ban ki\u1ec3m so\u00e1t, Ban \u0111i\u1ec1u h\u00e0nh, 13 Ph\u00f2ng ban, 04 c\u1eeda h\u00e0ng b\u00e1n l\u1ebb v\u00e0 03 C\u00f4ng ty con. C\u00f4ng ty hi\u1ec7n \u0111ang s\u1edf h\u1eefu 01 T\u00f2a nh\u00e0 v\u0103n ph\u00f2ng 14 t\u1ea7ng v\u1edbi m\u1eb7t b\u1eb1ng g\u1ea7n 1000m<\/span><span style=\"font-weight: 400;\">2<\/span><span style=\"font-weight: 400;\">, di\u1ec7n t\u00edch s\u1eed d\u1ee5ng 450m<\/span><span style=\"font-weight: 400;\">2\u00a0<\/span><span style=\"font-weight: 400;\">\/t\u1ea7ng l\u00e0m tr\u1ee5 s\u1edf v\u0103n ph\u00f2ng C\u00f4ng ty v\u00e0 khai th\u00e1c cho thu\u00ea.<\/span><\/p>\n<!-- \/wp:paragraph -->\t\t\t\t\t\t<\/div>\n\t\t\t\t<\/div>\n\t\t\t\t\t<\/div>\n\t\t\t\t<\/div>\n\t\t\t\t\t\t\t<\/div>\n\t\t","protected":false},"excerpt":{"rendered":"<p>Qu\u00e1 tr\u00ecnh th\u00e0nh l\u1eadp v\u00e0 ph\u00e1t tri\u1ec3n C\u00f4ng ty C\u1ed5 ph\u1ea7n \u0110\u1ea7u t\u01b0 v\u00e0 Ph\u00e1t tri\u1ec3n Gi\u00e1o d\u1ee5c H\u00e0 N\u1ed9i \u0111\u01b0\u1ee3c th\u00e0nh l\u1eadp theo Quy\u1ebft \u0111\u1ecbnh s\u1ed1 310\/Q\u0110-TCNS ng\u00e0y 23\/3\/2007 c\u1ee7a Ch\u1ee7 t\u1ecbch H\u1ed9i \u0111\u1ed3ng qu\u1ea3n tr\u1ecb Nh\u00e0 xu\u1ea5t b\u1ea3n Gi\u00e1o d\u1ee5c Vi\u1ec7t Nam v\u00e0 ch\u00ednh th\u1ee9c \u0111i v\u00e0o ho\u1ea1t \u0111\u1ed9ng t\u1eeb ng\u00e0y 20\/5\/2007 v\u1edbi [&hellip;]<\/p>\n","protected":false},"author":2,"featured_media":0,"parent":0,"menu_order":0,"comment_status":"closed","ping_status":"closed","template":"elementor_header_footer","meta":{"footnotes":""},"class_list":["post-107","page","type-page","status-publish","hentry","entry"],"_links":{"self":[{"href":"https:\/\/old.heid.vn\/index.php?rest_route=\/wp\/v2\/pages\/107","targetHints":{"allow":["GET"]}}],"collection":[{"href":"https:\/\/old.heid.vn\/index.php?rest_route=\/wp\/v2\/pages"}],"about":[{"href":"https:\/\/old.heid.vn\/index.php?rest_route=\/wp\/v2\/types\/page"}],"author":[{"embeddable":true,"href":"https:\/\/old.heid.vn\/index.php?rest_route=\/wp\/v2\/users\/2"}],"replies":[{"embeddable":true,"href":"https:\/\/old.heid.vn\/index.php?rest_route=%2Fwp%2Fv2%2Fcomments&post=107"}],"version-history":[{"count":6,"href":"https:\/\/old.heid.vn\/index.php?rest_route=\/wp\/v2\/pages\/107\/revisions"}],"predecessor-version":[{"id":134,"href":"https:\/\/old.heid.vn\/index.php?rest_route=\/wp\/v2\/pages\/107\/revisions\/134"}],"wp:attachment":[{"href":"https:\/\/old.heid.vn\/index.php?rest_route=%2Fwp%2Fv2%2Fmedia&parent=107"}],"curies":[{"name":"wp","href":"https:\/\/api.w.org\/{rel}","templated":true}]}}